MONTHLY CLIMATOLOGICAL SUMMARY for Dezember 2019 CITY: Mannheim-Seckenheim ELEV: 96 m LAT: 49° 28' 7" LONG: 8° 33' 26" TEMPERATURE (°C), BAROMETER (hPa), RAIN (l/m²), WIND SPEED (km/h) MEAN TEMPERATURE WIND DOM DAY TEMP HIGH TIME LOW TIME HUM Baro Rain SPEED HIGH TIME DIR -------------------------------------------------------------------------------------------------------------- 1 3.8 5.2 14:20 1.7 00:40 75 1017.5 0.0 1.6 14.5 06:55 O 2 2.9 6.0 13:55 -0.5 08:55 84 1024.7 0.2 0.7 8.0 02:40 NO 3 2.7 6.2 13:55 -0.2 23:55 90 1028.0 0.0 0.3 4.8 11:05 N 4 0.6 6.2 15:15 -2.1 08:40 91 1022.0 0.2 0.1 3.2 08:20 N 5 -0.9 0.3 20:00 -2.2 07:15 95 1022.1 0.0 2.2 8.0 04:15 S-SO 6 2.5 8.1 23:55 -0.4 06:35 94 1017.2 0.2 5.9 17.7 23:40 S-SO 7 8.7 10.1 12:40 7.9 00:40 92 1015.0 0.6 4.2 19.3 00:45 W-SW 8 10.0 11.7 14:20 8.1 00:20 85 1009.0 1.6 9.9 24.1 09:35 W-SW 9 8.0 9.5 00:00 6.4 23:55 86 1004.8 2.8 8.6 24.1 09:05 W-SW 10 3.8 6.4 13:35 1.6 18:55 86 1024.2 0.0 3.0 17.7 00:50 N-NO 11 2.8 3.9 11:50 1.8 19:35 85 1011.8 9.6 4.2 11.3 09:40 S 12 4.0 5.3 12:20 2.7 20:55 93 1001.9 0.6 4.0 11.3 11:40 SW 13 4.9 7.1 21:05 2.7 00:00 90 982.8 6.6 10.2 24.1 01:45 W-SW 14 8.0 9.9 14:45 5.4 05:10 80 995.1 1.8 13.6 35.4 09:30 W-SW 15 9.4 10.9 10:55 7.9 01:05 90 1004.2 11.0 5.4 24.1 11:30 SW 16 10.8 14.6 14:00 8.2 03:45 84 1006.9 0.2 2.2 11.3 14:30 S 17 10.3 12.9 13:20 7.9 07:00 79 1005.5 0.0 1.8 11.3 12:55 S 18 10.1 12.7 14:10 5.8 23:20 88 1015.5 1.0 0.9 9.7 03:35 S-SO 19 5.0 6.2 00:40 3.4 22:45 97 1011.9 0.2 0.6 6.4 10:40 S 20 4.9 8.0 21:10 2.2 07:40 98 994.5 5.4 2.8 17.7 19:50 O-NO 21 6.4 8.9 14:05 3.4 08:25 94 992.7 0.4 2.5 12.9 12:25 S-SO 22 8.2 9.7 14:30 6.3 02:55 88 988.4 1.8 7.2 20.9 18:30 W-SW 23 8.3 10.3 14:45 5.9 21:50 84 1007.6 0.0 4.0 16.1 13:30 W-SW 24 7.7 10.3 20:20 6.2 07:15 90 1013.8 4.8 5.0 20.9 20:15 S-SO 25 8.3 10.5 11:05 5.2 23:25 87 1018.6 1.4 3.0 20.9 12:35 SW 26 4.7 6.2 14:20 3.7 03:55 94 1024.0 0.2 1.0 8.0 23:00 N 27 5.7 7.3 11:35 3.1 21:10 94 1026.2 2.8 1.7 9.7 13:40 N-NO 28 1.7 4.8 14:05 -0.8 23:00 85 1038.8 0.0 0.6 9.7 07:30 N-NO 29 -0.7 3.4 14:25 -3.6 08:50 88 1038.4 0.2 0.4 8.0 13:25 NO 30 -1.0 3.2 15:20 -3.7 08:30 91 1034.0 0.0 1.1 11.3 22:15 O-NO 31 1.5 4.1 13:05 -1.1 01:45 91 1033.0 0.0 0.9 9.7 04:10 S-SO -------------------------------------------------------------------------------------------------------------- Avg: 5.3 14.6 16 -3.7 30 89 1013.9 53.6 3.5 35.4 14 W-SW Distribution WD Values 1812 Distribution WD N-NO 1.711% Distribution WD NO 1.380% Distribution WD NO-O 0.993% Distribution WD O 0.938% Distribution WD O-SO 1.159% Distribution WD SO 3.698% Distribution WD SO-S 11.479% Distribution WD S 13.411% Distribution WD S-SW 6.291% Distribution WD SW 15.287% Distribution WD SW-W 31.678% Distribution WD W 10.430% Distribution WD W-NW 0.331% Distribution WD NW 0.055% Distribution WD NW-N 0.442% Distribution WD N 0.717% Rain days >0.0 l/m² Month 22 Rain days >2.0 l/m² Month 7 Rain days >20.0 l/m² Month 0 Ice days max < 0°C 0 Cold days min <= 0°C 9 Cool days max < 10°C 22 Summer days max >=25°C 0 Hot days max >=30°C 0 Last year same Month: Ice days max < 0°C 1 Last year same Month: Cold days min <= 0°C 7 Last year same Month: Cool days max < 10°C 20 Last year same Month: Summer days max >=25°C 0 Last year same Month: Hot days max >=30°C 0 © 1999-2020 Werner Krenn - Wetterstation Bedien- und Auswertesoftware - V2.99.8.8