MONTHLY CLIMATOLOGICAL SUMMARY for Juli 2019 CITY: Mannheim-Seckenheim ELEV: 96 m LAT: 49° 28' 7" LONG: 8° 33' 26" TEMPERATURE (°C), BAROMETER (hPa), RAIN (l/m²), WIND SPEED (km/h) MEAN TEMPERATURE WIND DOM DAY TEMP HIGH TIME LOW TIME HUM Baro Rain SPEED HIGH TIME DIR -------------------------------------------------------------------------------------------------------------- 1 26.5 31.6 16:15 22.2 23:50 57 1014.2 0.0 4.3 16.1 16:00 N-NO 2 22.2 27.2 17:05 16.9 06:10 52 1018.5 0.0 5.2 17.7 15:45 N-NO 3 21.0 26.9 16:20 15.0 06:05 51 1019.7 0.0 5.7 16.1 17:25 N-NO 4 21.1 28.4 16:55 13.1 06:00 50 1019.8 0.0 3.5 12.9 11:20 N-NO 5 22.4 30.7 18:05 14.3 05:25 51 1015.3 0.0 1.9 11.3 14:20 N-NO 6 25.1 33.7 16:45 16.3 05:55 47 1009.4 0.0 4.4 17.7 19:30 W-SW 7 19.4 22.7 00:00 16.4 06:35 69 1011.2 4.4 4.2 14.5 03:10 NO 8 17.9 22.9 15:30 13.4 05:45 57 1016.1 0.0 4.5 16.1 14:05 N-NO 9 16.1 21.4 15:50 10.7 05:20 62 1018.0 0.0 4.8 20.9 16:20 N-NO 10 18.4 26.2 16:35 9.2 05:25 55 1017.4 0.0 2.1 11.3 15:00 N-NO 11 17.8 19.6 11:10 16.7 03:30 73 1013.4 2.6 1.8 11.3 16:55 S-SO 12 17.8 21.9 12:10 15.9 07:20 89 1011.1 17.8 2.9 16.1 12:55 SO 13 17.5 23.2 16:35 15.1 03:55 85 1015.2 1.0 1.7 11.3 17:20 N-NO 14 17.0 21.0 16:35 13.8 04:00 82 1015.9 0.0 4.3 19.3 19:55 NO 15 18.0 24.7 16:00 12.7 04:55 72 1016.0 0.0 4.7 17.7 18:10 N-NO 16 18.2 25.9 17:40 10.8 05:50 69 1016.1 0.0 2.5 16.1 11:45 NO 17 20.3 27.3 17:40 13.1 06:00 66 1012.5 0.0 2.7 11.3 16:15 NO 18 21.4 29.6 17:15 13.8 06:00 65 1010.8 0.0 1.9 12.9 17:15 SW 19 22.2 26.9 16:15 19.3 02:55 69 1013.0 0.0 2.2 14.5 14:25 W-SW 20 24.8 32.8 16:35 15.9 05:35 64 1011.7 0.0 4.5 20.9 17:35 W-SW 21 23.9 30.1 16:30 18.9 02:30 66 1017.8 6.4 2.8 27.4 01:15 W-SW 22 23.9 31.8 17:25 15.9 05:55 59 1021.3 0.0 1.3 9.7 15:30 N-NO 23 26.9 35.7 17:35 17.1 05:50 53 1018.2 0.0 2.0 17.7 15:40 N-NO 24 29.1 37.7 16:30 19.8 05:35 52 1013.3 0.0 1.8 9.7 11:45 O 25 30.3 39.7 16:30 20.8 05:55 50 1012.2 0.0 2.3 17.7 18:30 O 26 30.1 38.4 15:45 22.3 06:05 48 1006.6 0.0 1.7 9.7 15:40 S-SO 27 24.2 29.4 16:30 20.0 23:45 76 1001.1 0.8 4.3 27.4 01:10 N-NO 28 20.4 22.2 13:30 19.6 03:30 92 1000.8 18.0 1.5 12.9 22:40 S 29 22.4 27.4 16:30 19.0 05:20 72 1009.2 0.0 2.9 12.9 11:40 O-NO 30 24.1 31.4 17:05 17.6 05:50 66 1011.0 0.2 3.4 17.7 19:00 SW 31 22.0 27.0 14:35 17.7 23:59 62 1015.0 0.0 4.2 17.7 15:00 W-SW -------------------------------------------------------------------------------------------------------------- Avg: 22.0 39.7 25 9.2 10 64 1013.6 51.2 3.2 27.4 21 N-NO Distribution WD Values 1559 Distribution WD N-NO 23.156% Distribution WD NO 20.141% Distribution WD NO-O 7.569% Distribution WD O 5.260% Distribution WD O-SO 2.502% Distribution WD SO 1.796% Distribution WD SO-S 2.694% Distribution WD S 1.604% Distribution WD S-SW 2.373% Distribution WD SW 7.890% Distribution WD SW-W 12.316% Distribution WD W 5.067% Distribution WD W-NW 0.834% Distribution WD NW 0.898% Distribution WD NW-N 1.475% Distribution WD N 4.426% Rain days >0.0 l/m² Month 8 Rain days >2.0 l/m² Month 5 Rain days >20.0 l/m² Month 0 Ice days max < 0°C 0 Cold days min <= 0°C 0 Cool days max < 10°C 0 Summer days max >=25°C 22 Hot days max >=30°C 11 Last year same Month: Ice days max < 0°C 0 Last year same Month: Cold days min <= 0°C 0 Last year same Month: Cool days max < 10°C 0 Last year same Month: Summer days max >=25°C 27 Last year same Month: Hot days max >=30°C 18 © 1999-2020 Werner Krenn - Wetterstation Bedien- und Auswertesoftware - V2.99.8.8