MONTHLY CLIMATOLOGICAL SUMMARY for Mai 2019 CITY: Mannheim-Seckenheim ELEV: 96 m LAT: 49° 28' 7" LONG: 8° 33' 26" TEMPERATURE (°C), BAROMETER (hPa), RAIN (l/m²), WIND SPEED (km/h) MEAN TEMPERATURE WIND DOM DAY TEMP HIGH TIME LOW TIME HUM Baro Rain SPEED HIGH TIME DIR -------------------------------------------------------------------------------------------------------------- 1 13.7 21.3 17:10 6.2 05:25 67 1014.5 0.0 1.7 11.3 14:20 O 2 13.5 21.2 15:45 7.2 05:30 75 1008.9 3.8 2.6 16.1 16:00 W-SW 3 12.0 15.8 13:25 9.7 07:15 75 1009.8 0.2 3.5 16.1 09:05 NO 4 7.2 10.3 00:00 3.9 09:40 86 1008.2 2.4 3.6 20.9 09:00 NO 5 7.0 11.5 17:35 1.5 06:05 73 1017.1 0.0 3.8 16.1 11:35 N-NO 6 9.0 14.2 15:50 5.1 06:25 67 1019.6 0.0 2.6 14.5 11:40 NO 7 9.8 16.3 17:10 2.8 06:20 64 1016.7 0.0 1.6 9.7 11:55 O-NO 8 10.6 13.7 13:30 6.4 02:30 84 1004.1 3.0 3.6 19.3 18:10 W 9 11.4 14.7 17:20 8.9 06:55 89 1000.2 6.0 6.0 19.3 16:20 W 10 13.5 18.8 16:40 9.1 06:45 78 1009.1 0.4 3.0 12.9 14:30 SW 11 12.6 17.4 13:05 8.7 23:55 87 1010.0 6.0 6.2 24.1 11:20 NO 12 9.9 15.8 17:40 6.2 02:30 75 1028.5 0.0 4.8 16.1 12:00 NO 13 11.8 18.4 16:25 5.2 05:00 57 1033.4 0.0 7.3 20.9 12:00 NO 14 11.6 17.5 16:00 5.5 05:15 52 1028.6 0.0 7.1 22.5 11:35 N-NO 15 11.4 17.7 16:30 4.7 05:25 54 1022.6 0.0 6.4 16.1 08:40 NO 16 12.6 18.9 16:10 7.9 01:45 60 1014.2 0.0 4.8 17.7 18:20 NO 17 15.2 21.2 15:45 8.4 06:15 68 1005.4 0.0 3.0 16.1 11:25 O-NO 18 15.4 22.1 17:20 9.7 05:45 79 1004.0 1.6 3.1 17.7 16:00 N-NO 19 17.3 24.6 17:00 12.1 03:30 77 1002.5 0.2 2.4 16.1 21:00 NO 20 15.2 18.2 14:30 11.7 05:50 85 1003.4 3.2 4.4 16.1 17:35 N-NO 21 13.3 14.1 04:45 12.7 07:15 93 1009.1 23.4 6.5 20.9 09:00 SW 22 14.3 19.2 17:35 10.0 23:55 80 1017.3 0.2 2.9 11.3 12:45 NO 23 15.1 22.3 17:40 7.2 05:45 70 1017.7 0.0 1.5 11.3 12:55 O-NO 24 17.7 24.4 16:05 9.8 05:50 65 1013.3 0.0 0.9 9.7 13:25 O-NO 25 18.1 23.7 16:05 12.5 05:35 64 1013.6 0.0 2.9 12.9 12:45 NO 26 17.7 24.3 16:55 10.4 05:45 65 1013.8 0.0 2.5 16.1 17:05 W-SW 27 16.4 21.2 15:30 13.0 04:40 79 1008.8 0.8 1.8 12.9 19:25 NO 28 16.1 21.3 15:35 13.4 00:30 76 1006.9 0.6 4.3 20.9 16:10 SW 29 14.7 19.3 17:15 11.1 03:25 73 1018.3 0.0 3.8 12.9 16:00 NO 30 16.6 22.2 15:15 9.4 05:45 68 1023.7 0.0 3.0 12.9 13:10 W 31 19.3 25.5 16:25 13.5 01:05 72 1023.5 0.0 1.4 11.3 12:05 W-SW -------------------------------------------------------------------------------------------------------------- Avg: 13.6 25.5 31 1.5 5 73 1013.8 51.8 3.7 24.1 11 NO Distribution WD Values 1823 Distribution WD N-NO 20.406% Distribution WD NO 26.166% Distribution WD NO-O 9.051% Distribution WD O 6.253% Distribution WD O-SO 2.688% Distribution WD SO 1.810% Distribution WD SO-S 2.084% Distribution WD S 0.823% Distribution WD S-SW 2.907% Distribution WD SW 5.650% Distribution WD SW-W 8.502% Distribution WD W 6.253% Distribution WD W-NW 0.768% Distribution WD NW 0.933% Distribution WD NW-N 1.262% Distribution WD N 4.443% Rain days >0.0 l/m² Month 14 Rain days >2.0 l/m² Month 7 Rain days >20.0 l/m² Month 1 Ice days max < 0°C 0 Cold days min <= 0°C 0 Cool days max < 10°C 0 Summer days max >=25°C 1 Hot days max >=30°C 0 Last year same Month: Ice days max < 0°C 0 Last year same Month: Cold days min <= 0°C 0 Last year same Month: Cool days max < 10°C 0 Last year same Month: Summer days max >=25°C 16 Last year same Month: Hot days max >=30°C 2 © 1999-2020 Werner Krenn - Wetterstation Bedien- und Auswertesoftware - V2.99.8.8