MONTHLY CLIMATOLOGICAL SUMMARY for September 2016 CITY: Mannheim-Seckenheim ELEV: 96 m LAT: 49° 28' 7" LONG: 8° 33' 26" TEMPERATURE (°C), BAROMETER (hPa), RAIN (l/m²), WIND SPEED (km/h) MEAN TEMPERATURE WIND DOM DAY TEMP HIGH TIME LOW TIME HUM Baro Rain SPEED HIGH TIME DIR -------------------------------------------------------------------------------------------------------------- 1 22.6 29.2 15:10 16.5 07:45 64 1019.8 0.0 4.3 19.3 14:20 SW 2 21.0 27.0 16:35 14.3 07:10 68 1019.1 0.0 2.7 12.9 14:00 SW 3 22.2 28.8 15:20 16.4 07:10 67 1016.6 0.0 5.6 22.5 17:25 SW 4 19.0 22.0 17:10 16.6 06:25 83 1013.4 5.8 8.2 27.4 22:00 SW 5 18.8 22.2 15:40 14.7 23:55 72 1018.3 0.0 7.5 19.3 00:20 W 6 18.6 26.5 16:10 11.9 07:10 73 1024.0 0.0 3.4 16.1 15:35 O-NO 7 20.5 27.7 16:10 13.6 05:25 68 1018.3 0.0 4.6 20.9 16:35 O-NO 8 21.7 30.1 16:20 14.3 06:05 70 1011.7 0.0 5.7 24.1 11:45 SW 9 21.6 27.8 16:20 16.3 06:35 74 1015.2 0.0 3.9 17.7 16:10 N 10 22.5 30.4 16:05 16.4 07:00 71 1014.3 0.0 1.5 16.1 16:55 SW 11 22.8 29.4 15:35 16.9 04:25 66 1015.7 0.0 1.9 11.3 13:40 NO 12 23.2 30.8 15:45 15.8 06:55 69 1014.9 0.0 0.1 4.8 00:55 N 13 23.7 32.4 16:00 16.9 07:20 70 1012.6 0.0 1.2 17.7 15:40 O-NO 14 23.8 31.8 15:30 17.0 07:00 61 1010.5 0.0 4.4 17.7 16:40 O-NO 15 22.1 27.3 13:20 17.6 23:50 68 1009.1 0.0 5.2 25.7 17:55 SW 16 18.2 21.8 14:15 15.7 07:30 80 1013.1 0.0 3.4 19.3 14:05 SW 17 17.3 22.0 13:55 12.5 07:15 80 1012.9 7.4 5.6 19.3 20:00 N 18 16.6 18.4 18:35 15.9 06:00 94 1011.5 15.0 7.5 19.3 07:15 N 19 16.3 19.7 15:15 14.3 07:10 79 1016.1 0.0 7.6 20.9 15:15 NO 20 16.0 18.9 16:30 14.0 23:55 82 1017.0 0.0 3.0 9.7 17:05 NO 21 14.5 19.9 16:35 10.1 07:30 75 1017.8 0.0 3.0 11.3 11:25 NO 22 13.8 21.7 15:05 7.4 07:00 76 1020.3 0.0 1.2 14.5 14:05 O-SO 23 15.1 22.3 15:45 9.5 07:10 77 1023.3 0.0 1.3 11.3 14:20 SW 24 15.5 23.6 15:25 9.0 07:50 74 1023.4 0.0 2.4 16.1 14:40 O-SO 25 16.5 25.2 15:15 9.3 07:20 76 1018.4 0.0 3.2 14.5 12:20 SW 26 17.7 21.7 16:15 14.3 06:30 77 1020.5 0.0 5.6 16.1 11:05 NO 27 16.7 20.3 16:35 13.3 23:55 86 1024.1 6.2 2.0 11.3 13:30 NO 28 16.5 23.7 15:55 11.8 06:45 80 1026.3 0.2 5.7 22.5 15:35 SW 29 18.7 25.2 15:55 13.3 06:20 72 1019.6 0.0 8.9 24.1 17:10 SW 30 17.0 21.3 13:45 14.7 03:50 78 1013.9 0.0 3.1 19.3 15:05 N-NO -------------------------------------------------------------------------------------------------------------- Avg: 19.0 32.4 13 7.4 22 74 1017.0 34.6 4.1 27.4 4 SW Distribution WD Values 2459 Distribution WD N-NO 6.873% Distribution WD NO 9.557% Distribution WD NO-O 5.368% Distribution WD O 3.131% Distribution WD O-SO 2.440% Distribution WD SO 1.464% Distribution WD SO-S 3.579% Distribution WD S 4.921% Distribution WD S-SW 6.873% Distribution WD SW 18.991% Distribution WD SW-W 5.043% Distribution WD W 9.069% Distribution WD W-NW 2.847% Distribution WD NW 4.351% Distribution WD NW-N 4.311% Distribution WD N 11.183% Rain days >0.0 l/m² Month 5 Rain days >2.0 l/m² Month 4 Rain days >20.0 l/m² Month 0 Ice days max < 0°C 0 Cold days min <= 0°C 0 Cool days max < 10°C 0 Summer days max >=25°C 15 Hot days max >=30°C 5 Last year same Month: Ice days max < 0°C 0 Last year same Month: Cold days min <= 0°C 0 Last year same Month: Cool days max < 10°C 0 Last year same Month: Summer days max >=25°C 2 Last year same Month: Hot days max >=30°C 0 © 1999-2020 Werner Krenn - Wetterstation Bedien- und Auswertesoftware - V2.99.8.8