MONTHLY CLIMATOLOGICAL SUMMARY for Juli 2012 CITY: Mannheim-Seckenheim ELEV: 96 m LAT: 49° 28' 7" LONG: 8° 33' 26" TEMPERATURE (°C), BAROMETER (hPa), RAIN (l/m²), WIND SPEED (km/h) MEAN TEMPERATURE WIND DOM DAY TEMP HIGH TIME LOW TIME HUM Baro Rain SPEED HIGH TIME DIR -------------------------------------------------------------------------------------------------------------- 1 19.2 20.9 15:10 17.2 22:55 90 1015.4 4.0 8.3 19.3 13:30 SW 2 18.4 22.2 17:25 16.1 08:20 87 1017.5 1.6 7.0 20.9 08:20 N-NO 3 20.6 24.9 17:10 17.0 06:30 74 1016.6 0.0 5.1 11.3 10:40 N-NO 4 23.4 29.0 17:20 18.0 03:55 70 1012.1 0.0 4.1 14.5 16:10 O-NO 5 24.0 29.8 16:25 18.7 06:00 69 1008.4 0.2 6.2 16.1 02:55 NO 6 20.9 24.7 17:45 18.2 09:10 76 1010.3 1.2 7.3 19.3 07:15 S-SW 7 22.8 27.8 15:55 17.3 06:35 64 1011.4 0.0 8.1 24.1 17:10 SW 8 20.9 25.5 16:40 16.4 10:00 72 1008.8 12.8 12.7 32.2 16:05 SW 9 20.2 25.1 14:15 14.8 03:35 67 1012.8 0.0 9.6 27.4 13:45 SW 10 20.8 27.3 15:50 15.7 05:35 73 1012.1 2.8 7.2 27.4 17:00 SW 11 18.8 23.2 14:50 15.2 23:50 70 1013.4 0.2 13.6 29.0 13:45 SW 12 16.7 21.4 12:50 13.8 03:40 76 1015.3 1.8 12.8 37.0 14:00 SW 13 17.0 21.1 15:20 14.1 06:00 85 1008.7 10.2 10.9 25.7 15:35 SW 14 18.5 22.9 16:40 15.7 23:55 74 1006.1 1.2 17.6 43.5 12:20 SW 15 16.5 21.8 15:45 14.4 23:30 81 1013.6 3.2 12.2 30.6 15:20 SW 16 17.5 21.8 16:10 13.7 06:05 68 1023.2 0.0 11.7 32.2 11:25 SW 17 19.4 22.2 15:55 15.3 23:55 65 1021.8 0.0 16.3 30.6 06:40 W-SW 18 21.8 27.8 15:45 15.3 00:00 66 1016.3 0.0 10.3 33.8 17:20 SW 19 19.5 21.3 17:15 16.9 23:55 65 1010.4 0.0 11.4 30.6 17:00 W-SW 20 16.9 20.9 11:05 13.2 05:35 79 1014.4 0.2 6.8 25.7 14:55 SW 21 16.2 20.4 16:35 13.4 06:20 81 1019.0 0.8 6.3 29.0 13:10 NO 22 16.6 22.6 17:55 9.4 05:35 64 1025.5 0.0 7.2 20.9 15:25 NO 23 20.0 26.7 17:35 11.2 06:10 54 1024.1 0.0 10.6 27.4 14:35 NO 24 23.1 30.5 16:55 15.3 05:15 57 1015.8 0.0 5.6 17.7 13:20 NO 25 25.0 33.2 17:20 17.0 06:20 65 1012.6 0.0 4.4 12.9 13:55 W 26 26.2 33.7 16:00 18.7 06:20 62 1013.8 0.0 4.4 14.5 16:00 SW 27 27.2 35.7 16:00 19.1 06:15 59 1010.1 0.0 5.5 22.5 16:30 SW 28 22.3 25.7 00:00 18.7 07:55 83 1007.8 8.0 8.8 35.4 07:00 SW 29 19.6 23.1 14:20 14.4 23:50 71 1012.1 4.0 11.1 35.4 14:50 W 30 18.3 23.7 15:20 13.4 02:10 64 1016.9 0.4 9.4 27.4 13:45 SW 31 19.1 24.6 18:15 15.1 08:05 74 1017.7 1.2 6.6 22.5 15:50 SW -------------------------------------------------------------------------------------------------------------- Avg: 20.2 35.7 27 9.4 22 71 1014.3 53.8 9.0 43.5 14 SW Distribution WD Values 5777 Distribution WD N-NO 3.289% Distribution WD NO 8.395% Distribution WD NO-O 3.583% Distribution WD O 2.527% Distribution WD O-SO 1.506% Distribution WD SO 1.939% Distribution WD SO-S 4.674% Distribution WD S 7.132% Distribution WD S-SW 9.607% Distribution WD SW 26.934% Distribution WD SW-W 13.536% Distribution WD W 11.754% Distribution WD W-NW 1.056% Distribution WD NW 1.160% Distribution WD NW-N 0.917% Distribution WD N 1.991% Rain days >0.0 l/m² Month 17 Rain days >2.0 l/m² Month 7 Rain days >20.0 l/m² Month 0 Ice days max < 0°C 0 Cold days min <= 0°C 0 Cool days max < 10°C 0 Summer days max >=25°C 13 Hot days max >=30°C 4 Last year same Month: Ice days max < 0°C 0 Last year same Month: Cold days min <= 0°C 0 Last year same Month: Cool days max < 10°C 0 Last year same Month: Summer days max >=25°C 10 Last year same Month: Hot days max >=30°C 1 © 1999-2020 Werner Krenn - Wetterstation Bedien- und Auswertesoftware - V2.99.8.8