MONTHLY CLIMATOLOGICAL SUMMARY for April 2012 CITY: Mannheim-Seckenheim ELEV: 96 m LAT: 49° 28' 7" LONG: 8° 33' 26" TEMPERATURE (°C), BAROMETER (hPa), RAIN (l/m²), WIND SPEED (km/h) MEAN TEMPERATURE WIND DOM DAY TEMP HIGH TIME LOW TIME HUM Baro Rain SPEED HIGH TIME DIR -------------------------------------------------------------------------------------------------------------- 1 6.2 11.9 16:50 0.3 06:40 50 1016.4 0.0 6.5 19.3 17:20 N-NO 2 8.4 15.4 17:00 1.1 07:00 57 1010.0 0.0 4.7 12.9 22:00 NO 3 11.8 21.0 16:40 3.3 06:35 66 1002.4 4.8 6.7 37.0 20:10 S 4 12.1 15.9 15:05 7.9 07:05 78 1005.8 3.0 6.5 19.3 00:50 SW 5 9.6 12.8 18:20 6.6 06:35 79 1011.6 0.0 11.3 22.5 14:40 N 6 7.8 10.4 16:40 4.8 23:15 76 1010.5 0.0 8.1 16.1 09:25 N 7 6.5 9.9 16:10 4.1 01:20 76 1006.3 0.6 8.1 22.5 17:20 N 8 5.8 9.8 16:35 2.8 08:00 49 1012.9 0.0 8.8 29.0 14:20 N 9 6.2 9.9 19:25 2.3 01:50 81 1007.9 6.0 8.8 22.5 13:45 S-SO 10 12.5 19.8 14:10 8.7 00:00 75 998.2 2.2 9.7 30.6 15:30 S-SO 11 10.4 12.8 15:35 7.0 23:40 77 999.0 0.2 9.6 30.6 14:15 SW 12 9.2 13.9 15:40 5.5 23:55 76 1001.9 0.0 7.1 22.5 12:45 SW 13 8.4 15.2 16:50 3.2 05:25 75 1003.8 0.0 4.1 14.5 17:40 NO 14 10.1 16.1 14:35 2.9 06:05 60 1001.5 0.0 7.5 19.3 15:50 NO 15 11.3 15.7 13:55 8.6 07:40 59 1004.6 0.2 15.7 32.2 16:45 NO 16 7.9 11.0 18:15 5.1 23:50 65 1016.0 0.0 15.8 32.2 00:30 N 17 7.3 14.0 17:00 -0.3 05:45 56 1011.3 0.0 7.0 24.1 13:15 SW 18 10.5 15.7 16:25 6.8 04:45 64 996.9 0.4 11.1 24.1 17:10 SW 19 12.2 17.6 14:45 8.2 05:45 60 991.7 0.0 11.3 29.0 12:00 SW 20 10.7 15.6 16:45 7.2 03:45 73 997.0 0.0 9.5 25.7 18:10 SW 21 9.3 13.8 13:00 6.6 03:05 80 1001.3 2.2 11.1 30.6 10:00 SW 22 9.4 13.3 16:50 6.8 06:45 78 1007.0 2.2 11.0 24.1 15:45 SW 23 10.2 14.8 17:15 6.4 05:30 71 1003.9 1.2 11.6 27.4 13:05 SW 24 10.3 14.1 14:10 7.7 06:45 78 997.3 0.6 12.6 33.8 17:20 SW 25 12.0 17.1 17:50 6.3 05:45 70 1002.9 0.0 11.0 33.8 23:45 SW 26 14.6 17.3 14:10 11.3 23:45 64 1007.1 0.0 8.9 33.8 14:15 W-SW 27 15.7 23.0 16:30 7.4 06:15 69 1014.6 0.0 4.3 19.3 12:20 S-SO 28 20.8 31.3 17:35 12.6 07:10 61 1009.5 0.0 5.8 16.1 14:25 NO 29 19.9 25.2 16:15 14.4 21:25 52 1005.1 2.6 9.1 30.6 12:45 W 30 19.8 26.7 14:55 13.0 04:20 62 1012.0 0.0 11.0 29.0 15:35 NO -------------------------------------------------------------------------------------------------------------- Avg: 10.9 31.3 28 -0.3 17 68 1005.5 26.2 9.1 37.0 3 SW Distribution WD Values 6190 Distribution WD N-NO 10.113% Distribution WD NO 11.486% Distribution WD NO-O 2.763% Distribution WD O 2.052% Distribution WD O-SO 2.601% Distribution WD SO 4.281% Distribution WD SO-S 8.805% Distribution WD S 7.787% Distribution WD S-SW 7.383% Distribution WD SW 15.557% Distribution WD SW-W 5.864% Distribution WD W 6.268% Distribution WD W-NW 1.195% Distribution WD NW 0.872% Distribution WD NW-N 2.536% Distribution WD N 10.436% Rain days >0.0 l/m² Month 13 Rain days >2.0 l/m² Month 7 Rain days >20.0 l/m² Month 0 Ice days max < 0°C 0 Cold days min <= 0°C 1 Cool days max < 10°C 3 Summer days max >=25°C 3 Hot days max >=30°C 1 Last year same Month: Ice days max < 0°C 0 Last year same Month: Cold days min <= 0°C 0 Last year same Month: Cool days max < 10°C 0 Last year same Month: Summer days max >=25°C 6 Last year same Month: Hot days max >=30°C 0 © 1999-2020 Werner Krenn - Wetterstation Bedien- und Auswertesoftware - V2.99.8.8