MONTHLY CLIMATOLOGICAL SUMMARY for Februar 2012 CITY: Mannheim-Seckenheim ELEV: 96 m LAT: 49° 28' 7" LONG: 8° 33' 26" TEMPERATURE (°C), BAROMETER (hPa), RAIN (l/m²), WIND SPEED (km/h) MEAN TEMPERATURE WIND DOM DAY TEMP HIGH TIME LOW TIME HUM Baro Rain SPEED HIGH TIME DIR -------------------------------------------------------------------------------------------------------------- 1 -4.0 0.0 15:10 -7.1 07:15 64 1024.7 0.0 16.6 32.2 22:30 NO 2 -5.7 -1.7 15:15 -8.6 08:50 48 1027.5 0.0 15.5 27.4 15:50 NO 3 -7.8 -3.2 15:00 -11.7 05:55 59 1033.4 0.0 10.0 22.5 13:10 N-NO 4 -7.3 -3.3 15:20 -10.9 08:10 65 1036.4 0.0 7.7 20.9 13:15 NO 5 -7.8 -3.2 15:30 -12.6 06:50 60 1033.1 0.0 4.7 17.7 13:10 O-NO 6 -8.6 -4.6 15:00 -11.8 08:15 64 1033.8 0.0 4.3 16.1 13:50 NO 7 -9.9 -6.9 23:15 -13.7 06:35 67 1034.7 0.0 11.2 22.5 14:35 NO 8 -5.2 -1.2 14:40 -7.5 01:55 66 1035.0 0.0 11.1 22.5 00:15 NO 9 -7.1 -4.1 15:35 -10.5 07:00 84 1034.1 0.8 5.0 17.7 10:40 N 10 -5.8 -3.8 15:00 -7.7 23:50 75 1035.9 0.0 10.8 22.5 10:05 NO 11 -7.9 -3.5 15:45 -11.9 07:20 67 1032.4 0.0 10.0 17.7 05:15 N-NO 12 -7.5 -2.4 15:45 -12.5 08:00 67 1031.1 0.0 4.4 11.3 01:50 NO 13 -3.1 -0.8 14:00 -5.7 04:30 71 1023.4 0.0 6.7 17.7 12:10 S-SO 14 -0.1 2.1 15:05 -1.7 02:55 89 1016.5 1.4 5.0 12.9 14:25 S-SO 15 4.0 5.2 12:15 1.3 00:00 86 1011.8 2.6 18.1 37.0 08:05 W 16 4.0 7.1 14:55 1.4 08:10 80 1023.0 0.0 6.5 22.5 01:55 W 17 4.6 6.2 13:20 3.2 05:45 94 1023.7 2.8 5.5 14.5 10:05 S-SW 18 5.7 8.3 13:45 3.9 01:45 92 1018.2 0.8 8.9 24.1 15:00 SW 19 4.2 6.6 00:50 0.4 22:20 84 1018.1 4.6 10.6 24.1 01:55 W 20 1.3 5.4 14:05 -1.8 23:10 81 1032.8 0.0 2.4 12.9 11:15 NO 21 0.9 6.7 15:30 -4.0 07:55 78 1032.5 0.0 3.1 12.9 14:55 SW 22 3.0 10.1 15:00 -2.1 06:30 70 1029.8 0.0 3.1 11.3 11:45 S-SO 23 5.3 7.8 15:50 3.1 00:00 80 1025.4 0.6 8.2 17.7 10:40 SW 24 7.9 10.2 14:45 5.6 00:00 90 1026.9 0.0 8.6 20.9 05:40 S-SW 25 9.5 13.8 15:20 7.5 07:45 84 1023.3 0.2 6.4 19.3 14:30 SW 26 6.6 9.0 13:40 2.6 23:55 78 1024.1 0.0 8.9 19.3 14:15 N 27 5.1 9.8 16:05 1.1 05:50 82 1026.3 0.0 4.2 16.1 16:05 S-SW 28 8.0 10.8 16:25 5.6 06:25 82 1024.3 0.2 5.7 16.1 11:55 SW 29 9.9 13.7 15:30 7.4 05:50 90 1024.6 0.4 3.1 14.5 15:25 NO -------------------------------------------------------------------------------------------------------------- Avg: -0.3 13.8 25 -13.7 7 76 1027.5 14.4 7.8 37.0 15 NO Distribution WD Values 5497 Distribution WD N-NO 12.661% Distribution WD NO 21.448% Distribution WD NO-O 3.275% Distribution WD O 2.019% Distribution WD O-SO 2.256% Distribution WD SO 3.438% Distribution WD SO-S 5.676% Distribution WD S 5.639% Distribution WD S-SW 6.767% Distribution WD SW 8.459% Distribution WD SW-W 2.820% Distribution WD W 6.822% Distribution WD W-NW 2.802% Distribution WD NW 2.128% Distribution WD NW-N 3.256% Distribution WD N 10.533% Rain days >0.0 l/m² Month 10 Rain days >2.0 l/m² Month 3 Rain days >20.0 l/m² Month 0 Ice days max < 0°C 12 Cold days min <= 0°C 17 Cool days max < 10°C 24 Summer days max >=25°C 0 Hot days max >=30°C 0 Last year same Month: Ice days max < 0°C 1 Last year same Month: Cold days min <= 0°C 8 Last year same Month: Cool days max < 10°C 21 Last year same Month: Summer days max >=25°C 0 Last year same Month: Hot days max >=30°C 0 © 1999-2020 Werner Krenn - Wetterstation Bedien- und Auswertesoftware - V2.99.8.8