MONTHLY CLIMATOLOGICAL SUMMARY for Juni 2008 CITY: Mannheim-Seckenheim ELEV: 96 m LAT: 49° 28' 7" LONG: 8° 33' 26" TEMPERATURE (°C), BAROMETER (hPa), RAIN (l/m²), WIND SPEED (km/h) MEAN TEMPERATURE WIND DOM DAY TEMP HIGH TIME LOW TIME HUM Baro Rain SPEED HIGH TIME DIR -------------------------------------------------------------------------------------------------------------- 1 20.4 27.4 15:35 14.0 05:40 75 1016.3 0.4 3.7 12.8 20:50 NO 2 24.1 31.5 14:55 17.9 23:55 64 1011.3 2.8 5.8 26.7 18:40 W 3 19.5 24.3 16:25 15.2 06:15 76 1014.1 5.3 2.7 14.5 14:30 W 4 18.8 24.3 14:50 14.6 05:50 79 1015.3 0.7 5.3 23.4 17:10 W 5 19.1 23.3 16:30 16.3 06:35 83 1012.6 1.4 5.8 17.4 13:30 N 6 20.4 25.9 16:25 16.4 23:55 75 1012.2 0.0 2.4 16.9 16:55 NO 7 17.4 24.3 15:40 14.2 03:10 84 1015.4 19.5 3.0 18.1 16:55 W-SW 8 19.3 24.9 13:30 15.0 04:55 76 1018.5 4.3 4.3 20.6 16:05 NO 9 20.7 27.8 16:00 13.8 04:35 68 1020.9 0.0 4.8 25.0 16:15 O-NO 10 22.4 29.3 15:05 14.6 05:35 65 1020.0 0.0 4.0 20.2 19:10 NO 11 19.3 23.3 15:25 15.8 23:50 63 1018.4 0.0 9.5 25.1 16:15 N 12 15.8 21.8 14:55 11.6 23:40 66 1014.7 8.5 6.6 23.3 22:25 W 13 13.3 16.6 17:10 10.8 23:55 71 1016.2 0.7 9.1 27.8 01:30 W 14 14.3 20.4 15:55 8.7 03:15 67 1017.0 0.0 3.9 21.5 18:00 W-SW 15 14.4 19.0 13:25 10.6 05:40 72 1012.8 0.0 4.1 20.1 13:59 W-SW 16 14.5 20.2 14:15 11.2 05:30 77 1011.1 3.2 2.8 13.5 11:49 NO 17 15.4 20.5 12:50 8.9 05:20 73 1013.6 0.0 3.1 12.6 13:14 O-NO 18 19.0 26.4 16:19 12.1 04:40 63 1017.2 0.0 2.6 15.1 12:50 W-SW 19 20.5 27.1 17:00 13.6 02:45 59 1015.8 0.0 7.7 26.2 15:35 W-SW 20 19.8 23.3 16:40 16.4 04:45 68 1020.5 0.0 3.4 16.1 02:05 W 21 21.9 29.2 16:20 14.1 05:25 65 1020.9 0.0 2.9 15.6 17:15 W 22 25.0 32.7 14:24 16.0 05:40 65 1016.8 0.0 4.6 25.8 15:40 W-SW 23 24.5 28.5 16:35 21.1 07:00 59 1018.3 0.0 7.4 24.9 15:20 W 24 22.9 30.1 16:30 16.6 05:39 55 1017.5 0.0 3.7 12.9 17:25 W 25 23.4 30.6 13:24 20.0 04:30 74 1015.7 4.6 5.3 33.1 14:05 W 26 21.0 25.9 13:35 14.7 05:50 61 1021.5 0.0 4.2 15.8 01:55 W 27 20.1 25.4 13:25 14.5 04:05 64 1020.6 0.0 9.0 31.0 17:40 W 28 20.5 24.9 18:05 17.1 02:50 70 1021.8 0.0 4.7 17.2 17:45 W-SW 29 22.8 29.4 15:35 16.3 01:30 66 1019.4 0.0 4.6 16.5 15:50 W 30 22.4 27.6 15:25 16.4 05:20 58 1020.8 0.0 4.9 18.7 00:15 W -------------------------------------------------------------------------------------------------------------- Avg: 19.8 32.7 22 8.7 14 69 1016.9 51.5 4.9 33.1 25 W Distribution WD Values 4984 Distribution WD N-NO 7.564% Distribution WD NO 9.912% Distribution WD NO-O 5.498% Distribution WD O 2.809% Distribution WD O-SO 0.482% Distribution WD SO 0.502% Distribution WD SO-S 0.201% Distribution WD S 0.642% Distribution WD S-SW 0.823% Distribution WD SW 4.815% Distribution WD SW-W 17.737% Distribution WD W 27.789% Distribution WD W-NW 5.538% Distribution WD NW 3.752% Distribution WD NW-N 3.772% Distribution WD N 8.166% Rain days >0.0 l/m² Month 11 Rain days >2.0 l/m² Month 7 Rain days >20.0 l/m² Month 0 Ice days max < 0°C 0 Cold days min <= 0°C 0 Cool days max < 10°C 0 Summer days max >=25°C 16 Hot days max >=30°C 4 Last year same Month: Ice days max < 0°C 0 Last year same Month: Cold days min <= 0°C 0 Last year same Month: Cool days max < 10°C 0 Last year same Month: Summer days max >=25°C 18 Last year same Month: Hot days max >=30°C 5 © 1999-2020 Werner Krenn - Wetterstation Bedien- und Auswertesoftware - V2.99.8.8