MONTHLY CLIMATOLOGICAL SUMMARY for Mai 2008 CITY: Mannheim-Seckenheim ELEV: 96 m LAT: 49° 28' 7" LONG: 8° 33' 26" TEMPERATURE (°C), BAROMETER (hPa), RAIN (l/m²), WIND SPEED (km/h) MEAN TEMPERATURE WIND DOM DAY TEMP HIGH TIME LOW TIME HUM Baro Rain SPEED HIGH TIME DIR -------------------------------------------------------------------------------------------------------------- 1 12.4 18.3 16:00 7.4 06:45 68 1014.6 0.0 5.4 22.8 13:00 W-SW 2 13.3 18.9 16:35 8.3 03:20 67 1023.3 0.4 3.7 18.0 16:14 W 3 14.3 22.3 16:40 6.1 05:55 62 1026.5 0.0 3.8 17.2 18:40 O-NO 4 15.7 22.5 15:20 9.1 05:30 53 1024.4 0.0 4.5 16.7 14:35 O-NO 5 16.1 21.4 12:55 8.6 06:15 51 1026.0 0.0 8.5 22.3 17:40 O-NO 6 18.4 24.7 14:25 11.6 04:30 58 1024.7 0.0 7.9 18.7 13:05 O-NO 7 18.1 24.4 16:15 10.3 06:20 53 1022.3 0.0 4.6 17.3 12:25 O-NO 8 17.6 25.1 15:01 8.4 06:35 51 1019.2 0.0 4.4 16.1 14:10 O-NO 9 19.0 27.4 15:55 9.4 06:31 50 1016.5 0.0 6.0 21.5 15:05 O-NO 10 20.3 27.4 15:15 11.9 05:30 45 1017.4 0.0 8.7 25.6 18:45 O-NO 11 20.0 26.0 16:10 12.5 06:15 44 1018.1 0.0 9.4 24.6 13:30 NO 12 20.5 26.9 16:00 13.6 05:20 42 1017.0 0.0 7.1 22.4 16:25 O-NO 13 20.7 27.8 14:20 12.8 05:50 45 1014.8 0.0 5.5 17.3 15:35 O-NO 14 20.8 27.5 14:15 14.5 05:35 50 1013.4 0.0 5.0 19.8 15:40 NO 15 19.4 25.9 12:35 13.6 05:10 60 1010.6 1.4 4.7 21.8 14:15 W 16 19.0 25.0 16:30 14.2 06:10 67 1009.0 0.0 3.3 14.8 15:00 W-SW 17 18.3 21.6 16:40 15.0 06:00 69 1007.1 0.0 6.8 19.6 10:20 W-SW 18 15.6 18.9 13:10 12.1 03:50 74 1009.0 1.8 5.9 19.6 16:45 N-NO 19 14.7 18.5 14:55 11.3 07:20 65 1012.4 0.0 8.3 17.6 12:35 NO 20 15.4 19.7 15:30 11.6 05:40 54 1014.3 0.0 11.7 23.8 10:55 NO 21 15.3 18.6 17:00 11.2 06:10 54 1016.2 0.0 11.1 22.2 13:55 NO 22 15.2 18.5 14:30 12.7 05:40 63 1016.4 0.0 3.4 12.7 12:20 NO 23 16.6 21.8 16:50 10.4 06:25 63 1014.7 0.0 4.3 15.5 18:40 NO 24 17.9 24.9 16:05 10.5 05:30 64 1011.5 0.0 2.9 13.2 15:00 NO 25 20.1 26.1 16:50 15.0 05:45 69 1012.9 1.8 2.6 12.0 15:25 O-NO 26 22.2 26.2 16:00 18.7 00:00 65 1011.5 0.0 4.4 16.8 02:25 O-NO 27 23.8 29.7 14:55 17.6 06:15 68 1010.0 0.0 5.2 26.5 23:50 NO 28 25.6 29.4 15:25 20.6 06:35 56 1010.0 0.0 10.2 27.0 01:35 W 29 24.6 30.7 14:05 18.9 05:50 66 1009.3 0.0 4.5 13.0 19:25 N 30 21.4 28.4 15:10 17.5 05:55 76 1009.6 14.9 5.6 22.8 17:25 W 31 18.8 25.9 17:05 15.7 04:30 82 1014.6 2.5 3.1 14.8 16:25 W -------------------------------------------------------------------------------------------------------------- Avg: 18.4 30.7 29 6.1 3 60 1015.4 22.7 5.9 27.0 28 O-NO Distribution WD Values 5865 Distribution WD N-NO 9.003% Distribution WD NO 24.638% Distribution WD NO-O 25.473% Distribution WD O 8.525% Distribution WD O-SO 0.699% Distribution WD SO 0.426% Distribution WD SO-S 0.239% Distribution WD S 0.341% Distribution WD S-SW 0.494% Distribution WD SW 1.978% Distribution WD SW-W 6.547% Distribution WD W 8.747% Distribution WD W-NW 2.251% Distribution WD NW 1.927% Distribution WD NW-N 2.336% Distribution WD N 6.377% Rain days >0.0 l/m² Month 6 Rain days >2.0 l/m² Month 2 Rain days >20.0 l/m² Month 0 Ice days max < 0°C 0 Cold days min <= 0°C 0 Cool days max < 10°C 0 Summer days max >=25°C 16 Hot days max >=30°C 1 Last year same Month: Ice days max < 0°C 0 Last year same Month: Cold days min <= 0°C 0 Last year same Month: Cool days max < 10°C 0 Last year same Month: Summer days max >=25°C 10 Last year same Month: Hot days max >=30°C 5 © 1999-2020 Werner Krenn - Wetterstation Bedien- und Auswertesoftware - V2.99.8.8