MONTHLY CLIMATOLOGICAL SUMMARY for Februar 2008 CITY: Mannheim-Seckenheim ELEV: 96 m LAT: 49° 28' 7" LONG: 8° 33' 26" TEMPERATURE (°C), BAROMETER (hPa), RAIN (l/m²), WIND SPEED (km/h) MEAN TEMPERATURE WIND DOM DAY TEMP HIGH TIME LOW TIME HUM Baro Rain SPEED HIGH TIME DIR -------------------------------------------------------------------------------------------------------------- 1 4.8 7.6 15:55 2.9 23:10 88 1005.5 9.9 11.3 24.0 12:20 W-SW 2 2.8 6.2 14:35 -1.2 22:10 76 1017.5 0.0 8.8 36.8 15:00 W 3 0.5 6.8 14:40 -3.6 08:35 77 1019.4 0.0 2.0 13.0 13:05 NO 4 2.8 7.5 14:25 -2.0 00:20 84 1010.6 0.4 4.3 20.8 14:35 W-SW 5 5.5 9.5 23:35 2.4 02:10 84 1019.7 1.1 5.4 19.8 16:15 W-SW 6 9.2 12.5 14:55 6.5 23:00 79 1023.1 12.4 14.9 36.3 14:00 W 7 4.0 9.6 15:00 -0.1 08:10 78 1039.6 0.0 1.7 15.0 00:35 W 8 3.3 11.2 15:25 -1.5 07:20 76 1039.9 0.0 0.9 8.9 14:50 O 9 3.5 11.5 15:45 -1.3 06:50 71 1037.7 0.0 1.5 10.3 13:05 W 10 4.6 11.9 14:40 -0.8 07:50 71 1037.2 0.0 1.7 9.8 13:20 NO 11 5.0 13.1 15:45 -0.2 05:59 77 1036.7 0.0 1.5 10.6 18:15 NO 12 5.1 13.0 15:50 -0.4 06:05 78 1035.3 0.0 2.3 14.8 16:20 W 13 2.7 9.2 15:15 -1.3 07:55 84 1036.8 0.0 0.8 10.5 13:10 W 14 -0.3 1.7 16:25 -2.4 05:35 90 1037.2 0.0 2.7 11.4 19:15 NO 15 2.4 6.7 14:25 0.2 23:55 71 1038.6 0.0 8.0 22.8 22:30 NO 16 0.1 5.3 14:00 -4.1 07:26 54 1044.8 0.0 5.4 15.5 16:50 O-NO 17 -0.6 7.1 15:49 -6.1 08:15 54 1043.1 0.0 1.5 10.4 13:35 W 18 0.5 10.4 15:50 -4.8 08:00 62 1035.7 0.0 0.9 9.6 14:54 W 19 1.8 11.7 15:50 -3.7 05:40 66 1028.1 0.0 0.8 8.1 13:40 O-NO 20 2.9 6.5 18:40 -2.1 03:50 82 1023.9 1.8 1.1 11.9 18:35 NO 21 7.7 10.8 15:40 4.2 05:40 88 1026.6 0.0 2.6 14.5 14:05 W-SW 22 10.7 14.0 14:45 7.9 05:10 77 1028.1 0.7 8.6 25.3 12:20 W-SW 23 10.8 15.6 15:35 5.1 23:51 72 1030.1 0.0 6.5 21.3 02:25 W 24 8.9 18.0 15:30 2.7 06:05 78 1023.7 0.0 2.0 12.6 14:00 W-SW 25 9.3 11.4 15:30 6.7 05:40 84 1023.5 1.1 0.7 9.8 07:35 W-SW 26 11.5 15.3 14:50 7.4 07:30 76 1016.0 1.1 10.4 29.5 16:50 W-SW 27 8.4 10.8 00:00 4.2 23:55 72 1020.1 1.4 10.5 26.6 13:45 W 28 7.3 11.5 16:10 2.1 02:10 75 1024.1 7.1 1.2 7.8 12:05 W-SW 29 10.0 12.3 15:25 7.0 00:00 88 1017.2 9.6 7.1 35.2 23:05 W-SW -------------------------------------------------------------------------------------------------------------- Avg: 5.0 18.0 24 -6.1 17 76 1028.3 46.5 4.4 36.8 2 W Distribution WD Values 4100 Distribution WD N-NO 4.073% Distribution WD NO 8.756% Distribution WD NO-O 8.317% Distribution WD O 4.610% Distribution WD O-SO 0.561% Distribution WD SO 0.707% Distribution WD SO-S 0.805% Distribution WD S 1.317% Distribution WD S-SW 1.805% Distribution WD SW 6.488% Distribution WD SW-W 25.537% Distribution WD W 27.976% Distribution WD W-NW 2.683% Distribution WD NW 1.659% Distribution WD NW-N 1.415% Distribution WD N 3.293% Rain days >0.0 l/m² Month 11 Rain days >2.0 l/m² Month 4 Rain days >20.0 l/m² Month 0 Ice days max < 0°C 0 Cold days min <= 0°C 16 Cool days max < 10°C 12 Summer days max >=25°C 0 Hot days max >=30°C 0 Last year same Month: Ice days max < 0°C 0 Last year same Month: Cold days min <= 0°C 3 Last year same Month: Cool days max < 10°C 13 Last year same Month: Summer days max >=25°C 0 Last year same Month: Hot days max >=30°C 0 © 1999-2020 Werner Krenn - Wetterstation Bedien- und Auswertesoftware - V2.99.8.8